{"id":7222,"date":"2025-09-14T18:50:42","date_gmt":"2025-09-14T16:50:42","guid":{"rendered":"https:\/\/glendalaila.ch\/?page_id=7222"},"modified":"2026-03-02T15:49:08","modified_gmt":"2026-03-02T14:49:08","slug":"yin-live-gesang","status":"publish","type":"page","link":"https:\/\/glendalaila.ch\/en\/yin-live-gesang\/","title":{"rendered":"Yin &amp; Live Gesang"},"content":{"rendered":"<p class=\"has-text-align-center\"><strong>Dienstag, 5. Mai<\/strong><br>19:45 &#8211; 21:00 Uhr<br>im Zanana Living, Winterthur<\/p>\n\n\n<div class=\"wp-block-image\">\n<figure class=\"aligncenter size-large is-resized\"><img loading=\"lazy\" decoding=\"async\" width=\"1024\" height=\"683\" src=\"https:\/\/glendalaila.ch\/wp-content\/uploads\/2026\/02\/ABC8807-1024x683.jpg\" alt=\"\" class=\"wp-image-7692\" style=\"width:592px;height:auto\" srcset=\"https:\/\/glendalaila.ch\/wp-content\/uploads\/2026\/02\/ABC8807-1024x683.jpg 1024w, https:\/\/glendalaila.ch\/wp-content\/uploads\/2026\/02\/ABC8807-300x200.jpg 300w, https:\/\/glendalaila.ch\/wp-content\/uploads\/2026\/02\/ABC8807-768x512.jpg 768w, https:\/\/glendalaila.ch\/wp-content\/uploads\/2026\/02\/ABC8807-1536x1024.jpg 1536w, https:\/\/glendalaila.ch\/wp-content\/uploads\/2026\/02\/ABC8807-2048x1365.jpg 2048w, https:\/\/glendalaila.ch\/wp-content\/uploads\/2026\/02\/ABC8807-18x12.jpg 18w\" sizes=\"auto, (max-width: 1024px) 100vw, 1024px\" \/><\/figure>\n<\/div>\n\n\n<p><strong>Yin in Harmonie<\/strong><br>Ein Abend f\u00fcr K\u00f6rper, Herz und Seele, tief entspannend, n\u00e4hrend und ber\u00fchrend. W\u00e4hrend du dich in ruhige Yin-Yoga-Positionen sinken l\u00e4sst, wirst du live begleitet von der einzigartigen Stimme von&nbsp;Glenda. Ihre intuitive Musik entfaltet sich direkt im Moment, achtsam, gef\u00fchlvoll und voller Herz.<\/p>\n\n\n\n<p>Die Kombination aus Klang und Bewegung schenkt dir tiefe Entspannung, innere Weite und einen liebevollen Raum zum Loslassen. Lass dich tragen,&nbsp;von sanften Haltungen, ber\u00fchrenden Kl\u00e4ngen und einer besonderen Atmosph\u00e4re.<\/p>\n\n\n\n<p>Yoga: Janine B\u00f6ni <a href=\"https:\/\/zanana-living.ch\/team\/janine\/\">mehr \u00fcber Janine<\/a><br>Gesang: Glenda Laila<\/p>\n\n\n\n<p><strong>Vorteile Yin Yoga &amp; Live Gesang<\/strong><\/p>\n\n\n\n<ul class=\"wp-block-list\">\n<li>Ein einzigartiger Raum f\u00fcr Stille, Hingabe und Regeneration<\/li>\n\n\n\n<li>Tieferes k\u00f6rperliches und emotionales Loslassen<\/li>\n\n\n\n<li>Klang tr\u00e4gt dich sanft durch die Haltungen<\/li>\n\n\n\n<li>Die Stimme wirkt direkt aufs Herz und das Nervensystem<\/li>\n\n\n\n<li>Musik vertieft die Pr\u00e4senz und Achtsamkeit im Moment<\/li>\n\n\n\n<li>Ein Gef\u00fchl von Geborgenheit, Getragensein und Verbindung<\/li>\n\n\n\n<li>Emotionale Kl\u00e4rung durch Schwingung und Vibration<\/li>\n\n\n\n<li>Ganzheitliche Entspannung f\u00fcr K\u00f6rper, Geist und Seele<\/li>\n<\/ul>\n\n\n\n<p>Preis: CHF 35.- oder mit Zanana Abo (g\u00fcnstiger)<\/p>\n\n\n\n<div class=\"wp-block-buttons is-content-justification-center is-layout-flex wp-container-core-buttons-is-layout-16018d1d wp-block-buttons-is-layout-flex\">\n<div class=\"wp-block-button\"><a class=\"wp-block-button__link has-text-color has-background has-link-color wp-element-button\" href=\"https:\/\/zanana-living.ch\/yingesang\/\" style=\"color:#002b54;background-color:#cb9763\"><strong>Anmeldung<\/strong><\/a><\/div>\n<\/div>\n\n\n\n<figure class=\"wp-block-gallery has-nested-images columns-2 is-cropped wp-block-gallery-1 is-layout-flex wp-block-gallery-is-layout-flex\">\n<figure class=\"wp-block-image size-large\"><img loading=\"lazy\" decoding=\"async\" width=\"1024\" height=\"683\" data-id=\"7697\" src=\"https:\/\/glendalaila.ch\/wp-content\/uploads\/2026\/02\/ABC8838-1024x683.jpg\" alt=\"\" class=\"wp-image-7697\" srcset=\"https:\/\/glendalaila.ch\/wp-content\/uploads\/2026\/02\/ABC8838-1024x683.jpg 1024w, https:\/\/glendalaila.ch\/wp-content\/uploads\/2026\/02\/ABC8838-300x200.jpg 300w, https:\/\/glendalaila.ch\/wp-content\/uploads\/2026\/02\/ABC8838-768x512.jpg 768w, https:\/\/glendalaila.ch\/wp-content\/uploads\/2026\/02\/ABC8838-1536x1024.jpg 1536w, https:\/\/glendalaila.ch\/wp-content\/uploads\/2026\/02\/ABC8838-2048x1365.jpg 2048w, https:\/\/glendalaila.ch\/wp-content\/uploads\/2026\/02\/ABC8838-18x12.jpg 18w\" sizes=\"auto, (max-width: 1024px) 100vw, 1024px\" \/><\/figure>\n\n\n\n<figure class=\"wp-block-image size-large\"><img loading=\"lazy\" decoding=\"async\" width=\"1024\" height=\"683\" data-id=\"7769\" src=\"https:\/\/glendalaila.ch\/wp-content\/uploads\/2026\/03\/ABC8774-1024x683.jpg\" alt=\"\" class=\"wp-image-7769\" srcset=\"https:\/\/glendalaila.ch\/wp-content\/uploads\/2026\/03\/ABC8774-1024x683.jpg 1024w, https:\/\/glendalaila.ch\/wp-content\/uploads\/2026\/03\/ABC8774-300x200.jpg 300w, https:\/\/glendalaila.ch\/wp-content\/uploads\/2026\/03\/ABC8774-768x512.jpg 768w, https:\/\/glendalaila.ch\/wp-content\/uploads\/2026\/03\/ABC8774-1536x1024.jpg 1536w, https:\/\/glendalaila.ch\/wp-content\/uploads\/2026\/03\/ABC8774-2048x1365.jpg 2048w, https:\/\/glendalaila.ch\/wp-content\/uploads\/2026\/03\/ABC8774-18x12.jpg 18w\" sizes=\"auto, (max-width: 1024px) 100vw, 1024px\" \/><\/figure>\n\n\n\n<figure class=\"wp-block-image size-large\"><img loading=\"lazy\" decoding=\"async\" width=\"1024\" height=\"683\" data-id=\"7770\" src=\"https:\/\/glendalaila.ch\/wp-content\/uploads\/2026\/03\/ABC8843-1024x683.jpg\" alt=\"\" class=\"wp-image-7770\" srcset=\"https:\/\/glendalaila.ch\/wp-content\/uploads\/2026\/03\/ABC8843-1024x683.jpg 1024w, https:\/\/glendalaila.ch\/wp-content\/uploads\/2026\/03\/ABC8843-300x200.jpg 300w, https:\/\/glendalaila.ch\/wp-content\/uploads\/2026\/03\/ABC8843-768x512.jpg 768w, https:\/\/glendalaila.ch\/wp-content\/uploads\/2026\/03\/ABC8843-1536x1024.jpg 1536w, https:\/\/glendalaila.ch\/wp-content\/uploads\/2026\/03\/ABC8843-2048x1365.jpg 2048w, https:\/\/glendalaila.ch\/wp-content\/uploads\/2026\/03\/ABC8843-18x12.jpg 18w\" sizes=\"auto, (max-width: 1024px) 100vw, 1024px\" \/><\/figure>\n<\/figure>\n\n\n\n<p><\/p>","protected":false},"excerpt":{"rendered":"<p>Dienstag, 5. Mai19:45 &#8211; 21:00 Uhrim Zanana Living, Winterthur Yin in HarmonieEin Abend f\u00fcr K\u00f6rper, Herz und Seele, tief entspannend, n\u00e4hrend und ber\u00fchrend. W\u00e4hrend du dich in ruhige Yin-Yoga-Positionen sinken l\u00e4sst, wirst du live begleitet von der einzigartigen Stimme von&nbsp;Glenda. Ihre intuitive Musik entfaltet sich direkt im Moment, achtsam, gef\u00fchlvoll und voller Herz. Die Kombination <a class=\"read-more\" href=\"https:\/\/glendalaila.ch\/en\/yin-live-gesang\/\">READ MORE<\/a><\/p>","protected":false},"author":1,"featured_media":0,"parent":0,"menu_order":0,"comment_status":"closed","ping_status":"closed","template":"","meta":{"_monsterinsights_skip_tracking":false,"_monsterinsights_sitenote_active":false,"_monsterinsights_sitenote_note":"","_monsterinsights_sitenote_category":0,"footnotes":""},"class_list":["post-7222","page","type-page","status-publish","hentry"],"aioseo_notices":[],"_links":{"self":[{"href":"https:\/\/glendalaila.ch\/en\/wp-json\/wp\/v2\/pages\/7222","targetHints":{"allow":["GET"]}}],"collection":[{"href":"https:\/\/glendalaila.ch\/en\/wp-json\/wp\/v2\/pages"}],"about":[{"href":"https:\/\/glendalaila.ch\/en\/wp-json\/wp\/v2\/types\/page"}],"author":[{"embeddable":true,"href":"https:\/\/glendalaila.ch\/en\/wp-json\/wp\/v2\/users\/1"}],"replies":[{"embeddable":true,"href":"https:\/\/glendalaila.ch\/en\/wp-json\/wp\/v2\/comments?post=7222"}],"version-history":[{"count":12,"href":"https:\/\/glendalaila.ch\/en\/wp-json\/wp\/v2\/pages\/7222\/revisions"}],"predecessor-version":[{"id":7777,"href":"https:\/\/glendalaila.ch\/en\/wp-json\/wp\/v2\/pages\/7222\/revisions\/7777"}],"wp:attachment":[{"href":"https:\/\/glendalaila.ch\/en\/wp-json\/wp\/v2\/media?parent=7222"}],"curies":[{"name":"wp","href":"https:\/\/api.w.org\/{rel}","templated":true}]}}

<p class="has-text-align-center"><strong>Dienstag, 5. Mai</strong><br>19:45 &#8211; 21:00 Uhr<br>im Zanana Living, Winterthur</p>


<div class="wp-block-image">
<figure class="aligncenter size-large is-resized"><img loading="lazy" decoding="async" width="1024" height="683" src="https://glendalaila.ch/wp-content/uploads/2026/02/ABC8807-1024x683.jpg" alt="" class="wp-image-7692" style="width:592px;height:auto" srcset="https://glendalaila.ch/wp-content/uploads/2026/02/ABC8807-1024x683.jpg 1024w, https://glendalaila.ch/wp-content/uploads/2026/02/ABC8807-300x200.jpg 300w, https://glendalaila.ch/wp-content/uploads/2026/02/ABC8807-768x512.jpg 768w, https://glendalaila.ch/wp-content/uploads/2026/02/ABC8807-1536x1024.jpg 1536w, https://glendalaila.ch/wp-content/uploads/2026/02/ABC8807-2048x1365.jpg 2048w, https://glendalaila.ch/wp-content/uploads/2026/02/ABC8807-18x12.jpg 18w" sizes="auto, (max-width: 1024px) 100vw, 1024px" /></figure>
</div>


<p><strong>Yin in Harmonie</strong><br>Ein Abend für Körper, Herz und Seele, tief entspannend, nährend und berührend. Während du dich in ruhige Yin-Yoga-Positionen sinken lässt, wirst du live begleitet von der einzigartigen Stimme von&nbsp;Glenda. Ihre intuitive Musik entfaltet sich direkt im Moment, achtsam, gefühlvoll und voller Herz.</p>



<p>Die Kombination aus Klang und Bewegung schenkt dir tiefe Entspannung, innere Weite und einen liebevollen Raum zum Loslassen. Lass dich tragen,&nbsp;von sanften Haltungen, berührenden Klängen und einer besonderen Atmosphäre.</p>



<p>Yoga: Janine Böni <a href="https://zanana-living.ch/team/janine/">mehr über Janine</a><br>Gesang: Glenda Laila</p>



<p><strong>Vorteile Yin Yoga &amp; Live Gesang</strong></p>



<ul class="wp-block-list">
<li>Ein einzigartiger Raum für Stille, Hingabe und Regeneration</li>



<li>Tieferes körperliches und emotionales Loslassen</li>



<li>Klang trägt dich sanft durch die Haltungen</li>



<li>Die Stimme wirkt direkt aufs Herz und das Nervensystem</li>



<li>Musik vertieft die Präsenz und Achtsamkeit im Moment</li>



<li>Ein Gefühl von Geborgenheit, Getragensein und Verbindung</li>



<li>Emotionale Klärung durch Schwingung und Vibration</li>



<li>Ganzheitliche Entspannung für Körper, Geist und Seele</li>
</ul>



<p>Preis: CHF 35.- oder mit Zanana Abo (günstiger)</p>



<div class="wp-block-buttons is-content-justification-center is-layout-flex wp-container-core-buttons-is-layout-16018d1d wp-block-buttons-is-layout-flex">
<div class="wp-block-button"><a class="wp-block-button__link has-text-color has-background has-link-color wp-element-button" href="https://zanana-living.ch/yingesang/" style="color:#002b54;background-color:#cb9763"><strong>Anmeldung</strong></a></div>
</div>



<figure class="wp-block-gallery has-nested-images columns-2 is-cropped wp-block-gallery-1 is-layout-flex wp-block-gallery-is-layout-flex">
<figure class="wp-block-image size-large"><img loading="lazy" decoding="async" width="1024" height="683" data-id="7697" src="https://glendalaila.ch/wp-content/uploads/2026/02/ABC8838-1024x683.jpg" alt="" class="wp-image-7697" srcset="https://glendalaila.ch/wp-content/uploads/2026/02/ABC8838-1024x683.jpg 1024w, https://glendalaila.ch/wp-content/uploads/2026/02/ABC8838-300x200.jpg 300w, https://glendalaila.ch/wp-content/uploads/2026/02/ABC8838-768x512.jpg 768w, https://glendalaila.ch/wp-content/uploads/2026/02/ABC8838-1536x1024.jpg 1536w, https://glendalaila.ch/wp-content/uploads/2026/02/ABC8838-2048x1365.jpg 2048w, https://glendalaila.ch/wp-content/uploads/2026/02/ABC8838-18x12.jpg 18w" sizes="auto, (max-width: 1024px) 100vw, 1024px" /></figure>



<figure class="wp-block-image size-large"><img loading="lazy" decoding="async" width="1024" height="683" data-id="7769" src="https://glendalaila.ch/wp-content/uploads/2026/03/ABC8774-1024x683.jpg" alt="" class="wp-image-7769" srcset="https://glendalaila.ch/wp-content/uploads/2026/03/ABC8774-1024x683.jpg 1024w, https://glendalaila.ch/wp-content/uploads/2026/03/ABC8774-300x200.jpg 300w, https://glendalaila.ch/wp-content/uploads/2026/03/ABC8774-768x512.jpg 768w, https://glendalaila.ch/wp-content/uploads/2026/03/ABC8774-1536x1024.jpg 1536w, https://glendalaila.ch/wp-content/uploads/2026/03/ABC8774-2048x1365.jpg 2048w, https://glendalaila.ch/wp-content/uploads/2026/03/ABC8774-18x12.jpg 18w" sizes="auto, (max-width: 1024px) 100vw, 1024px" /></figure>



<figure class="wp-block-image size-large"><img loading="lazy" decoding="async" width="1024" height="683" data-id="7770" src="https://glendalaila.ch/wp-content/uploads/2026/03/ABC8843-1024x683.jpg" alt="" class="wp-image-7770" srcset="https://glendalaila.ch/wp-content/uploads/2026/03/ABC8843-1024x683.jpg 1024w, https://glendalaila.ch/wp-content/uploads/2026/03/ABC8843-300x200.jpg 300w, https://glendalaila.ch/wp-content/uploads/2026/03/ABC8843-768x512.jpg 768w, https://glendalaila.ch/wp-content/uploads/2026/03/ABC8843-1536x1024.jpg 1536w, https://glendalaila.ch/wp-content/uploads/2026/03/ABC8843-2048x1365.jpg 2048w, https://glendalaila.ch/wp-content/uploads/2026/03/ABC8843-18x12.jpg 18w" sizes="auto, (max-width: 1024px) 100vw, 1024px" /></figure>
</figure>



<p></p>

<p>Dienstag, 5. Mai19:45 &#8211; 21:00 Uhrim Zanana Living, Winterthur Yin in HarmonieEin Abend für Körper, Herz und Seele, tief entspannend, nährend und berührend. Während du dich in ruhige Yin-Yoga-Positionen sinken lässt, wirst du live begleitet von der einzigartigen Stimme von&nbsp;Glenda. Ihre intuitive Musik entfaltet sich direkt im Moment, achtsam, gefühlvoll und voller Herz. Die Kombination <a class="read-more" href="https://glendalaila.ch/en/yin-live-gesang/">READ MORE</a></p>
